 what is 15624 - -44?
15668
In base 16, what is -691c + -7?
-6923
In base 10, what is -3 + -26972?
-26975
In base 14, what is -25 - -6ac3?
6a9c
In base 4, what is 203303 + 1?
203310
In base 14, what is a6 - 189b?
-17d5
In base 11, what is -7125a3 + 1?
-7125a2
In base 8, what is -100254 - 3?
-100257
In base 13, what is -3 - 6ba0?
-6ba3
In base 10, what is 71740 + 24?
71764
In base 9, what is 2 - -5522?
5524
In base 11, what is 15a78 + -46?
15a32
In base 11, what is 4 - 13248?
-13244
In base 15, what is 6dd - 29?
6b4
In base 8, what is -5 + 120650?
120643
In base 4, what is -101333003 - -11?
-101332332
In base 13, what is -3 - -5c6a?
5c67
In base 11, what is -1090807 + -3?
-109080a
In base 2, what is 11111011 + -100111010000?
-100011010101
In base 3, what is -10210201120101 + -12?
-10210201120120
In base 16, what is 0 + -12?
-12
In base 10, what is -31 - 16505?
-16536
In base 8, what is 3721 - -36?
3757
In base 7, what is 231 - -66460?
100021
In base 5, what is 2400 + 230?
3130
In base 5, what is -204100 + -320?
-204420
In base 10, what is 5 + 27737?
27742
In base 7, what is 2 + 2053454?
2053456
In base 10, what is -5748 + 1?
-5747
In base 13, what is -3 - 10861?
-10864
In base 9, what is -1414 + -1276?
-2701
In base 14, what is 85c3 - -5?
85c8
In base 9, what is -12 - 20067?
-20080
In base 3, what is 11 + -212201001?
-212200220
In base 13, what is -28 + -b04?
-b2c
In base 5, what is 11110 - -2210?
13320
In base 10, what is -40750 - -5?
-40745
In base 6, what is -10 + -3343423?
-3343433
In base 9, what is 23 - 1578?
-1555
In base 2, what is -101 + 100011001111000?
100011001110011
In base 14, what is 162 + d10?
1072
In base 4, what is -1212103123 + -1?
-1212103130
In base 14, what is -1a0b + 505?
-1506
In base 8, what is 111 + -1253?
-1142
In base 3, what is 12 + -10220222111?
-10220222022
In base 6, what is -200 + 41444?
41244
In base 9, what is -1 - -160860?
160858
In base 15, what is -d6 + 35da?
3504
In base 9, what is -10 + -127726?
-127736
In base 15, what is 392b - -5?
3931
In base 8, what is -127 + 413?
264
In base 11, what is 2340a + -29?
23391
In base 10, what is 27 - 176119?
-176092
In base 12, what is -8 + 2828?
2820
In base 9, what is 314343 + 3?
314346
In base 9, what is 205072 - 66?
205005
In base 5, what is 200 + 124430?
130130
In base 3, what is -1210 + 122201?
120221
In base 9, what is -1 - -20248?
20247
In base 13, what is 3490 + -34?
3459
In base 16, what is -5 - 42311?
-42316
In base 16, what is 2fb2d - 2?
2fb2b
In base 16, what is af9c + 0?
af9c
In base 5, what is 314423133 - -2?
314423140
In base 14, what is bd3 + -55d?
674
In base 16, what is 41 - -5b3d?
5b7e
In base 11, what is -20 - 2?
-22
In base 5, what is -10 - -413111?
413101
In base 7, what is 4 + 525554?
525561
In base 15, what is -1c - c23?
-c40
In base 16, what is 743da - -5?
743df
In base 12, what is -88 + -38?
-104
In base 11, what is 5 + -a729?
-a724
In base 10, what is -33 + 35380?
35347
In base 11, what is 4 + -7aa1?
-7a98
In base 5, what is -430143 - -434?
-424204
In base 2, what is 101 - 10110000111100110?
-10110000111100001
In base 5, what is -1232 - 14321?
-21103
In base 12, what is 2 - -98b29?
98b2b
In base 15, what is -c649c + -9?
-c64a6
In base 16, what is 5 + -12b4?
-12af
In base 11, what is -1104 - -210?
-9a4
In base 4, what is 1201000 + -33?
1200301
In base 3, what is -2220 + 100100111?
100020121
In base 7, what is 440 - -261?
1031
In base 15, what is -22371 + 0?
-22371
In base 3, what is 22020222120 + -1?
22020222112
In base 10, what is 1 - 413284?
-413283
In base 16, what is 2 - 1a04a?
-1a048
In base 6, what is -3 + 251050?
251043
In base 16, what is 32 + 6?
38
In base 15, what is -3297 + -6?
-329d
In base 2, what is 110 - -11010101110110?
11010101111100
In base 14, what is 4 - -47a8?
47ac
In base 2, what is -101 - 1001001010111011?
-1001001011000000
In base 11, what is -49 - 9612?
-9660
In base 7, what is 2 - 2234050?
-2234045
In base 4, what is -31 + -200021120?
-200021211
In base 4, what is 23302 - -2033?
32001
In base 8, what is -552 - 14033?
-14605
In base 15, what is 0 - 177743?
-177743
In base 9, what is 8 + 337101?
337110
In base 2, what is -11110111100111011101 + 1?
-11110111100111011100
In base 8, what is 32415 + -2?
32413
In base 8, what is -4 - -11475?
11471
In base 3, what is 10112 - 111102010?
-111021121
In base 2, what is 1011011000101101 + 100?
1011011000110001
In base 8, what is 2 + 17330?
17332
In base 11, what is -72 - -4608?
4546
In base 4, what is -10 - 113220330?
-113221000
In base 6, what is -231232 - 4?
-231240
In base 5, what is -2420200 + -10?
-2420210
In base 13, what is -48a73 + 2?
-48a71
In base 13, what is -2 - 11057?
-11059
In base 10, what is 1 - -304?
305
In base 10, what is 222 - -412?
634
In base 7, what is 2110 + -642?
1135
In base 13, what is 21b407 + 0?
21b407
In base 13, what is -103 - -379?
276
In base 16, what is -16 - -9d2?
9bc
In base 2, what is 10 - -11111110000111111?
11111110001000001
In base 7, what is 4352 + -5?
4344
In base 12, what is -6562 - 3?
-6565
In base 9, what is 10833314 + 5?
10833320
In base 8, what is 1 - 22307?
-22306
In base 8, what is -537441 + -3?
-537444
In base 16, what is e832 + 6?
e838
In base 13, what is 2a5 + 760?
a35
In base 8, what is 61705 + -4?
61701
In base 3, what is -10120110002 - 2?
-10120110011
In base 12, what is 11 + 1b5?
206
In base 4, what is 130 - -10312?
11102
In base 16, what is 1 + -1cfac?
-1cfab
In base 12, what is 0 - 4ab34?
-4ab34
In base 9, what is 77 + 426?
514
In base 7, what is -34 - 100410?
-100444
In base 6, what is -25 + -32342?
-32411
In base 13, what is 928c + -4?
9288
In base 12, what is 46494b + -3?
464948
In base 14, what is 471 + -aa?
3a5
In base 9, what is -25 - 36?
-62
In base 15, what is 67 - -154?
1bb
In base 11, what is -395a8 + 21?
-39587
In base 8, what is 15 - -326305?
326322
In base 14, what is a1a + -7?
a13
In base 4, what is -23231013 - -21?
-23230332
In base 2, what is -10010 - 1010010010101?
-1010010100111
In base 14, what is 1384a + -14?
13836
In base 2, what is -1001 - 101000011000010?
-101000011001011
In base 2, what is -111 - 10100101000?
-10100101111
In base 6, what is 255 + 1121?
1420
In base 16, what is 21 + f11?
f32
In base 12, what is -3613b - -4?
-36137
In base 7, what is -23 + 241204?
241151
In base 2, what is -111 + -10000101110111?
-10000101111110
In base 8, what is -155211 + 11?
-155200
In base 16, what is 4a + 6d5a?
6da4
In base 8, what is 102004 + 15?
102021
In base 10, what is 3914 + -98?
3816
In base 14, what is 4 + -2cb6?
-2cb2
In base 16, what is -eeb - -208?
-ce3
In base 2, what is 1001011111001 - 100?
1001011110101
In base 16, what is 3 - -f89e?
f8a1
In base 7, what is 162111 + 20?
162131
In base 3, what is 21102121222 - 2?
21102121220
In base 6, what is -521540 + 0?
-521540
In base 6, what is -23 + 124035?
124012
In base 8, what is 22 + -160546?
-160524
In base 15, what is 39d - -26?
3c4
In base 15, what is 36bc - -9?
36c6
In base 13, what is -7 - -482?
478
In base 11, what is 5a + -139?
-8a
In base 9, what is -7 + 55283?
55275
In base 6, what is 53 - 10233?
-10140
In base 11, what is -10 + 248?
238
In base 8, what is -1236 - -74?
-1142
In base 10, what is 40744 + 2?
40746
In base 9, what is 541 + 4?
545
In base 2, what is -1110111100010010 - 101?
-1110111100010111
In base 16, what is -f33a + -b?
-f345
In base 15, what is -19de76 - -5?
-19de71
In base 3, what is -1001211 + 1202?
-1000002
In base 16, what is -3 + 2730?
272d
In base 13, what is a88b1 + 3?
a88b4
In base 3, what is 111000220112 - -210?
111000221022
In base 12, what is 14 + 5105?
5119
In base 2, what is 101000 + -1110010?
-1001010
In base 5, what is 4004124 + -143?
4003431
In base 10, what is 3473 + -23?
3450
In base 10, what is -1045 - 42?
-1087
In base 7, what is 0 + -3056532?
-3056532
In base 5, what is 141 + -34130?
-33434
In base 2, what is -10001 - -11100010111?
11100000110
In base 9, what is 0 + 562?
562
In base 13, what is 3 + 97444?
97447
In base 13, what is 186196 + -3?
186193
In base 7, what is 62 - -44?
136
In base 4, what is 1133313133 - 0?
1133313133
In base 16, what is 2 - -4a8d0?
4a8d2
In base 16, what is 17 - e3b?
-e24
In base 7, what is -34 - -453111?
453044
In base 5, what is -103113221 + 4?
-103113212
In base 15, what is -19